ts digit of f?
8
Suppose 118 = 5*b + 2*z - 1606, 0 = 3*z + 9. What is the tens digit of 3 + 14/7 + b?
5
Suppose 4643184 = 101*q - 540944. What is the units digit of q?
8
Let g = 139 + -141. What is the tens digit of (13/(26/(-10)))/(g/94)?
3
What is the hundreds digit of (-3)/(-66) - 7616867/(-374)?
3
Let n be 6 + (3 + -6 - 4 - -5). Suppose 2*p - n*u - 243 = 357, 610 = 2*p - 2*u. What is the hundreds digit of p?
3
Let s(w) be the second derivative of -w**4/12 - w**3/2 - 16*w. Let p be s(-3). Suppose -8*n + 155 + 77 = p. What is the tens digit of n?
2
Suppose -6*j = -22 - 32. Suppose -4 + 40 = j*m. Let s(h) = h**3 - 2*h**2 + 5*h - 5. What is the units digit of s(m)?
7
Let v = 355 + -635. Let m = 657 + v. What is the units digit of m?
7
Let b = -53 - -54. What is the hundreds digit of b - 196/((-5)/(-20)*-1)?
7
Let c(l) = l + 11. Let w be c(-14). Let s(n) be the second derivative of -5*n**3/6 - n**2/2 + 89*n. What is the units digit of s(w)?
4
Let m(w) = w**2 + 3*w. Let z be 5 - 4 - 1*5. Let s be m(z). Suppose 4*o = -s*r + 524 - 220, -137 = -2*r - 5*o. What is the units digit of r?
1
Let q = 27 + -18. Let z(f) = 23*f - 3*f - 42 - q*f. What is the units digit of z(14)?
2
Let s(d) = -d**2 + 21*d - 104. Let l be s(10). Suppose -l*h + 12*h - 1050 = 0. What is the hundreds digit of h?
1
Let t be 62/(3 - (2 - 1)). Let q = -2131 + 2148. Let o = q + t. What is the tens digit of o?
4
Let s = -2220 - -13213. What is the tens digit of s?
9
Suppose 1000*h - 878*h - 1200236 = 0. What is the tens digit of h?
3
Let c(x) = 36*x**2 + 2*x - 5. Let q be c(-6). Suppose 3*t + 638 = k, q = 2*k - 2*t - t. What is the units digit of k?
1
Let n be (16/20)/(2/30). Let r = n + -12. Suppose -l = 4*v - r*v - 162, -3*v + l + 118 = 0. What is the tens digit of v?
4
Suppose -5*i - 1046 = -6*i. Suppose 0 = 2*u - i - 344. What is the tens digit of (-4)/(-6) - u/(-15)?
4
Suppose 102 - 235 = 20*c - 13. Let t(p) = -2*p + 9. Let w be t(6). What is the units digit of 6/(w*c/243)?
1
Let j(g) = 2*g + 28 - 5*g - 15 + g**2. Let y be j(10). Let v = -38 + y. What is the tens digit of v?
4
Suppose -3*c + 4*d - d = 132, -3*c - 3*d - 108 = 0. Let h be (-4)/c*-2 - (-1128)/(-10). Let s = -48 - h. What is the tens digit of s?
6
Suppose -5*n + 122 = c, 0*c + 91 = 4*n + 3*c. Suppose -5*j + 0*j = -n. Suppose -j*k - 169 = -6*k. What is the units digit of k?
9
Let k = 71 + -64. Suppose k*u = 3*u - 16, 0 = 5*a + 5*u + 40. Let c(t) = -63*t - 28. What is the tens digit of c(a)?
2
Let a(c) = -1165*c - 427. What is the units digit of a(-9)?
8
Let k be ((-3)/(-4))/((-5)/(-320)*12). Suppose -4438 = -k*x - 10*x. What is the hundreds digit of x?
3
Let n(v) = -3*v**2 + 16*v - 17. Let j be n(3). Suppose 0 = -5*l + j*x + 2639, 34*x + 1056 = 2*l + 32*x. What is the tens digit of l?
2
Suppose 115 - 808 = -11*v. Suppose v*a - 886 = 61*a. What is the units digit of a?
3
What is the units digit of ((-1475)/(-50))/(5/1520)?
8
Let t(q) = 0*q - 5*q - 2*q + 26 + 0*q. What is the hundreds digit of t(-42)?
3
What is the hundreds digit of (-3 + -6)/(5/(-4735) + 0)?
5
Suppose 0 = 4*o + 13 + 111. Let d = o + 39. Suppose d*t = 3*t + 470. What is the units digit of t?
4
Let k(x) = 5*x**3 + 2*x**2 - 1. Let p be k(-1). Let j be (-44)/(-33)*6/p. What is the units digit of 4*j/24*-111?
7
Suppose 29*b - 90 = 7160. What is the hundreds digit of b?
2
Let l = -254 - -241. Let k(m) = -33*m - 194. What is the units digit of k(l)?
5
Let r be (2/12 + 43/(-42))*7. Let b be r/(-9) - (-3 - 2/(-3)). Suppose 4*h + 61 = x - 23, -b*x + 292 = -2*h. What is the hundreds digit of x?
1
Let z = -447 - -454. Suppose -z*d - 1467 = -2153. What is the units digit of d?
8
Let m(a) = 34*a + 151. Let w be m(-7). Let t = 610 - w. What is the tens digit of t?
9
Let q be (7/7)/((-117)/60 - -2). What is the units digit of (1 + q/(-8))*-120?
0
Let g(b) = 96*b - 78. Let t(x) = 32*x - 26. Let n(v) = -2*g(v) + 7*t(v). What is the hundreds digit of n(11)?
3
Let d = 15990 - 8815. What is the thousands digit of d?
7
Let w = -4333 + 12996. What is the thousands digit of w?
8
Let x = -127 + 153. Suppose s - x = -2*s - 4*w, -5*s + 26 = -2*w. What is the units digit of s?
6
Suppose 2*x + s = -3*s - 6, 0 = -3*x + 5*s + 24. Suppose 4*v + v = -w + 281, w = x*v + 249. What is the hundreds digit of w?
2
Suppose 0*z - 4*z = -3*k - 126, -4*z + 5*k = -130. Suppose 732 = -27*r + z*r. What is the tens digit of (-5 + (-42)/(-8))/(1/r)?
6
Suppose -9*m = -16*m + 4263. Suppose -17*q = m - 4026. What is the units digit of q?
1
Let h be 92/(-24)*3 - 2/4. Let w be (-2)/h + (-4350)/(-36) + 1. Let r = w + -28. What is the tens digit of r?
9
Suppose -20*g + 5183 = 1263. Suppose 0 = -4*w - 20, -4*y - 5*w = -g - 239. What is the units digit of y?
5
Let f(w) = 1 + 35*w - 1 - 9*w**2 - 9 - w**3. Let r be f(-12). Suppose 0*v = 3*m - 2*v - 512, 0 = 4*m + r*v - 677. What is the tens digit of m?
7
Let y be 24/84 + (-200)/14. Let r(w) = -25*w + 34. What is the tens digit of r(y)?
8
What is the hundreds digit of 3170/3*(-2970)/(-275)?
4
Suppose 3*j - 4*z - 17198 = 0, 0 = 3*j - 61*z + 65*z - 17206. What is the units digit of j?
4
Suppose -5*l + 0*l + 2*y + 20 = 0, 4*l + 7 = -3*y. Let x(b) = 383 - 382 + 52*b**3 - b + 0*b + b**l. What is the tens digit of x(1)?
5
Let d be 0/(3/(-1 - -4)). Suppose 3*u - 698 + 104 = d. Suppose 5*z = 42 + u. What is the tens digit of z?
4
Let p(a) = 12*a**2 - 57*a - 1957. What is the tens digit of p(-19)?
5
Let h = 55 - 56. What is the units digit of 586*1 + 7/h + 10?
9
Suppose 12*t = 6*t. Suppose t = 3*z - l + 22, -23 = 3*z - 4*l + 11. What is the hundreds digit of z/(-24) + (-1390)/(-8)?
1
Let a(y) = 113 + 15*y**2 - 223 - 6*y + 112. Let q be a(4). Let x = 315 - q. What is the tens digit of x?
9
Suppose u - 55 = 4*r, 7*u - 9*u - 46 = 4*r. Let y(g) be the third derivative of -g**4/6 + 3*g**2. What is the tens digit of y(r)?
5
Let a(r) = -r**2 - 8*r + 12. Suppose 7*x + 27 = 4*x. Let k be a(x). What is the tens digit of ((-1 - -70)*-2)/(k/(-2))?
9
Let v = -2092 - -2186. What is the tens digit of v?
9
Let w(g) = 19357*g**2 - 142*g - 139. What is the units digit of w(-1)?
0
Suppose -2*h - 46 = -2*p + 2*h, -4*h + 68 = 4*p. Suppose 23*v - 1084 = p*v. What is the hundreds digit of v?
2
Suppose -4*l - q + 118405 = 0, 4*l - 5*l + 29638 = -5*q. What is the ten thousands digit of l?
2
Let q be (9819/36)/(1 - (-3)/(-4)). Suppose 12*p - q - 1177 = 0. What is the tens digit of 31/(-62) + (-1 - p/(-2))?
9
Suppose -10 = -2*t + 4*w, -w + 6*w + 20 = 4*t. Suppose 0 = -2*j - 4*l + 23 + 17, -t*l - 130 = -5*j. Suppose 35*c = j*c + 3256. What is the tens digit of c?
9
Suppose 82 = 4*r - 158. Let z(c) = c**3 - 9*c**2 - 9*c - 8. Let u be z(10). Let q = r - u. What is the tens digit of q?
5
Suppose 34*x + 522 = 9940. Suppose -8*m + 1033 = -4*m + h, m + 4*h = x. What is the hundreds digit of m?
2
Let u(z) = z**3 + 10*z**2 - 41*z - 19. Let k be u(-13). Suppose -734 = -2*b + 4*t, 8*t + 1489 = 4*b + k*t. What is the hundreds digit of b?
3
Let u(b) = 283*b - 390. What is the units digit of u(14)?
2
Let f = -6 - -43. Let b = -30 + f. What is the units digit of b?
7
Let q(y) = y**3 - y**2 + 2*y - 50. Let g be q(0). Let k = 93 + g. Suppose 5*v - 3*m - 116 = 0, -3 = v + 5*m - k. What is the units digit of v?
5
Suppose -5*h - 3*w + 88165 = 0, 6*h + 17645 = 7*h + 3*w. What is the ten thousands digit of h?
1
Let q be ((-3)/(-4))/(1/4). Suppose -51 = -2*s - 5*h + 4, -q*h - 9 = 0. Let a = 8 + s. What is the units digit of a?
3
Let a = 362 - 836. Let q be a*(1/(12/(-16)) - -1). Suppose 3*o = 82 + q. What is the units digit of o?
0
Let p = -134 + -241. Let l = p + 1297. What is the tens digit of l?
2
Suppose -3*b = -3*z - 117, 2*b - 2*z - 120 = -b. Suppose -3*a = -549 - b. Suppose -w - 3*m = -a, -3*w - m + 445 = -162. What is the tens digit of w?
0
Let u(i) = 4220*i - 2397. What is the thousands digit of u(11)?
4
What is the thousands digit of 680663/102 + (-7)/42?
6
Let o(h) = 21*h + 20. Let t be o(4). Suppose x - 2*k - 35 = t, 0 = 2*x + 4*k - 286. What is the tens digit of x/5 - (-8)/10?
2
Suppose 2*b - 3*b = -118. Let q be (6 + 30)*(30/(-4))/(19 + -13). Let u = b + q. What is the tens digit of u?
7
Suppose -5*w + 4*q = -26815, 91*w - 92*w + 2*q = -5369. What is the hundreds digit of w?
3
What is the ten thous